oes 426 divide 406404?
True
Is 66 a factor of 3541428?
True
Is 734024 a multiple of 56?
False
Does 12 divide 471320?
False
Is 47124 a multiple of 201?
False
Is 56 a factor of 638996?
False
Does 4 divide 1326544?
True
Does 15 divide 94649?
False
Is 128437 a multiple of 69?
False
Does 10 divide 44093?
False
Is 11 a factor of 3679764?
True
Is 19 a factor of 593438?
False
Is 6 a factor of 34808?
False
Is 72 a factor of 1339704?
True
Is 92970 a multiple of 128?
False
Is 649250 a multiple of 125?
True
Is 24080 a multiple of 112?
True
Is 374627 a multiple of 11?
True
Is 4554200 a multiple of 100?
True
Is 145145 a multiple of 8?
False
Is 9781118 a multiple of 92?
False
Is 2521548 a multiple of 18?
True
Is 15 a factor of 1455015?
True
Is 12974314 a multiple of 439?
False
Does 34 divide 881858?
True
Is 3975784 a multiple of 1353?
False
Is 146820 a multiple of 12?
True
Is 64 a factor of 286900?
False
Does 145 divide 578975?
False
Does 6 divide 132384?
True
Is 12 a factor of 7499334?
False
Is 49 a factor of 151704?
True
Is 10338392 a multiple of 1697?
False
Is 131 a factor of 581407?
False
Is 28 a factor of 1992348?
False
Is 17500 a multiple of 50?
True
Is 17 a factor of 378240?
False
Is 299 a factor of 768729?
True
Is 8495720 a multiple of 243?
False
Is 70 a factor of 3395630?
True
Is 36 a factor of 1633235?
False
Does 11 divide 441133?
True
Does 25 divide 45103?
False
Is 420607 a multiple of 3?
False
Does 179 divide 2708807?
True
Is 336064 a multiple of 29?
False
Is 10 a factor of 1415657?
False
Is 2708 even?
True
Is 19 a factor of 6754842?
True
Is 445 a factor of 4518975?
True
Does 46 divide 30084?
True
Does 211 divide 3925866?
True
Is 835346 a multiple of 311?
True
Is 950 a factor of 10624800?
True
Is 7 a factor of 138765?
False
Does 29 divide 1338554?
False
Is 5 a factor of 2287201?
False
Is 3153942 a multiple of 235?
False
Does 31 divide 66029?
False
Is 191522 a multiple of 131?
True
Does 504 divide 945000?
True
Is 1049467 a multiple of 7?
False
Is 2 a factor of 6759?
False
Does 49 divide 158564?
True
Does 243 divide 1176211?
False
Is 2400000 a multiple of 625?
True
Is 277282 a multiple of 89?
False
Does 2 divide 20985?
False
Is 6 a factor of 98520?
True
Is 9 a factor of 17559?
True
Does 10 divide 1236220?
True
Is 58 a factor of 471536?
False
Does 36 divide 1176264?
True
Is 5722663 a multiple of 44?
False
Does 320 divide 2806400?
True
Is 55 a factor of 817486?
False
Is 85 a factor of 813620?
True
Does 465 divide 122760?
True
Is 77 a factor of 29655?
False
Does 12 divide 451768?
False
Is 88 a factor of 1647713?
False
Is 23 a factor of 4255?
True
Does 178 divide 105554?
True
Does 28 divide 368228?
True
Is 53 a factor of 745040?
False
Is 46930 a multiple of 5?
True
Is 13 a factor of 34138?
True
Is 5531556 a multiple of 313?
False
Is 68 a factor of 154156?
True
Is 14 a factor of 12639771?
False
Does 7 divide 646426?
False
Is 438 a factor of 493188?
True
Does 8 divide 3116832?
True
Is 2034 a factor of 8283652?
False
Is 5318047 a multiple of 180?
False
Is 311 a factor of 148188?
False
Is 6 a factor of 4920?
True
Does 17 divide 1044548?
True
Does 25 divide 4277225?
True
Is 310960 a multiple of 5?
True
Does 14 divide 10085237?
False
Is 45118 a multiple of 87?
False
Is 11 a factor of 1371400?
False
Is 61 a factor of 310429?
True
Is 1544770 a multiple of 5?
True
Is 2136398 even?
True
Does 10 divide 105938?
False
Is 694188 a multiple of 22?
True
Is 147969 a multiple of 369?
True
Is 391248 a multiple of 13?
True
Is 535 a factor of 204370?
True
Is 4893212 a multiple of 17?
True
Is 454648 a multiple of 17?
True
Is 4 a factor of 16697?
False
Does 22 divide 1583582?
True
Is 99 a factor of 7514469?
False
Is 133 a factor of 65083?
False
Does 46 divide 164404?
True
Is 59622 a multiple of 38?
True
Does 33 divide 415342?
False
Is 228528 a multiple of 36?
True
Is 30 a factor of 388470?
True
Does 116 divide 156466?
False
Does 22 divide 764060?
True
Does 35 divide 11056395?
True
Is 1292252 a multiple of 13?
True
Is 7 a factor of 189154?
True
Is 5252645 a multiple of 95?
True
Is 36259 a multiple of 24?
False
Does 65 divide 4394691?
False
Is 6 a factor of 319680?
True
Does 528 divide 5622144?
True
Does 13 divide 237822?
True
Is 24 a factor of 2173224?
True
Is 13 a factor of 2047879?
False
Is 133 a factor of 6251?
True
Does 74 divide 82244?
False
Does 6 divide 173604?
True
Is 227850 a multiple of 186?
True
Is 24 a factor of 251006?
False
Is 756054 a multiple of 142?
False
Is 52 a factor of 66300?
True
Is 742856 a multiple of 210?
False
Is 256041 a multiple of 305?
False
Is 57 a factor of 93993?
True
Does 2 divide 6264?
True
Does 163 divide 878733?
True
Is 19044 a multiple of 65?
False
Is 505100 a multiple of 46?
False
Does 13 divide 807114?
False
Does 184 divide 38445801?
False
Is 8428059 a multiple of 41?
False
Is 1687113 a multiple of 93?
True
Is 7492513 a multiple of 24?
False
Is 233 a factor of 699779?
False
Does 50 divide 1331250?
True
Does 49 divide 229957?
True
Is 22 a factor of 1461966?
True
Does 11 divide 311729?
True
Does 500 divide 7010594?
False
Is 22 a factor of 87054?
True
Is 681 a factor of 2328339?
True
Is 22 a factor of 207694?
False
Is 6 a factor of 75384?
True
Is 15 a factor of 105045?
True
Is 16 a factor of 2451120?
True
Is 154 a factor of 42658?
True
Is 184938 a multiple of 78?
True
Is 8 a factor of 144951?
False
Is 50 a factor of 1625207?
False
Is 4694126 a multiple of 1268?
False
Is 1594 even?
True
Does 260 divide 2616658?
False
Is 5 a factor of 59534?
False
Is 7 a factor of 232089?
False
Does 18 divide 2092104?
True
Is 6677281 a multiple of 185?
False
Is 33 a factor of 759003?
False
Is 1381800 a multiple of 329?
True
Is 28 a factor of 111916?
True
Does 23 divide 16688505?
False
Is 16 a factor of 826272?
True
Is 13 a factor of 7485257?
True
Is 7 a factor of 245308?
True
Is 3430207 a multiple of 471?
False
Is 19 a factor of 378783?
False
Is 935 a factor of 10038107?
False
Is 327120 a multiple of 120?
True
Is 5575620 a multiple of 27?
False
Is 5783376 a multiple of 284?
True
Is 1178 a factor of 1778220?
False
Is 458720 a multiple of 47?
True
Is 12 a factor of 420010?
False
Is 43780 a multiple of 15?
False
Is 79 a factor of 24490?
True
Is 13398 a multiple of 58?
True
Does 221 divide 443477?
False
Is 846430 a multiple of 26?
True
Does 11 divide 3231679?
True
Is 491 a factor of 407259?
False
Is 2128200 a multiple of 9?
False
Is 345 a factor of 429853?
False
Does 407 divide 5461533?
True
Does 1188 divide 1014552?
True
Is 1230279 a multiple of 3?
True
Does 133 divide 62752?
False
Is 1269 a factor of 1371789?
True
Is 2062697 a multiple of 14?
False
Is 16 a factor of 5203781?
False
Does 217 divide 5387871?
False
Is 95 a factor of 478173?
False
Is 109 a factor of 1745650?
False
Does 128 divide 148608?
True
Does 620 divide 8846342?
False
Is 22536 a multiple of 12?
True
Is 437496 a multiple of 4?
True
Does 59 divide 1366642?
False
Does 87 divide 10226154?
True
Is 140 a factor of 43663?
False
Does 9 divide 7888444?
False
Is 519224 a multiple of 243?
False
Does 550 divide 12930500?
True
Does 39 divide 35826336?
True
Is 26 a factor of 47690?
False
Does 80 divide 706721?
False
Is 197340 a multiple of 429?
True
Is 67 a factor of 14809770?
False
Does 18 divide 2002668?
False
Does 119 divide 748978?
False
Does 35 divide 1068270?
True
Does 15 divide 125070?
True
Is 3443 a multiple of 2?
False
Is 54 a factor of 1110834?
True
Is 707184 a multiple of 6?
True
Does 29 divide 347623?
True
Is 3782312 a multiple of 284?
True
Does 368 divide 4441024?
True
Is 2513062 a multiple of 146?
False
Is 57 a factor of 27537?
False
Does 806 divide 1130012?
True
Is 13 a factor of 515034?
True
Is 12176 a multiple of 8?
True
Is 146726 a multiple of 34?
False
Is 6 a factor of 1551246?
True
Does 611 divide 2009579?
True
Is 19 a factor of 174654?
False
Does 384 divide 6597888?
True
Is 3036066 a multiple of 157?
True
Is 5 a factor of 294385?
True
Is 246 a factor of 557436?
True
Does 91 divide 66914?
False
Does 50 divide 5670482?
False
Is 25 a factor of 455425?
True
Is 70800 a multiple of 66?
False
Does 40 divide 161220?
False
Is 188493 a multiple of 502?
False
Is 1052 a factor of 2987583?
False
Is 13 a factor of 894699?
True
Is 8 a factor of 219824?
True
Is 15424050 a multiple of 25?
True
Does 